{"id":33,"date":"2021-09-25T10:28:10","date_gmt":"2021-09-25T08:28:10","guid":{"rendered":"https:\/\/labeilleardennaise.fr\/?page_id=33"},"modified":"2025-05-24T10:47:41","modified_gmt":"2025-05-24T08:47:41","slug":"contacts","status":"publish","type":"page","link":"https:\/\/labeilleardennaise.fr\/index.php\/contacts\/","title":{"rendered":"Contacts"},"content":{"rendered":"\n<p class=\"has-text-align-center\"><strong>Damien\u00a0LANOTTE<br>T\u00e9l\u00e9phone : 06 76 46 80 06<\/strong><br><strong>Email : <a href=\"mailto:labeilleardennaise@gmail.com\"><mark style=\"background-color:rgba(0, 0, 0, 0)\" class=\"has-inline-color has-vivid-cyan-blue-color\">labeilleardennaise@gmail.com<\/mark><\/a><\/strong><\/p>\n\n\n\n<p class=\"has-text-align-center\"><strong>L&rsquo;ABEILLE ARDENNAISE<\/strong><br><strong>1, IMPASSE DE COCHET<\/strong><br><strong>08130 SEMUY<\/strong><\/p>\n\n\n\n<p><strong>Membres du CA<\/strong><\/p>\n\n\n\n<figure class=\"wp-block-table is-style-regular\"><table><tbody><tr><td class=\"has-text-align-left\" data-align=\"left\">Fonction<\/td><td class=\"has-text-align-center\" data-align=\"center\"><strong>Nom<\/strong><\/td><td class=\"has-text-align-center\" data-align=\"center\">Contact<\/td><\/tr><tr><td class=\"has-text-align-left\" data-align=\"left\">PRESIDENT<\/td><td class=\"has-text-align-center\" data-align=\"center\"><strong><strong><meta charset=\"utf-8\"><\/strong>Damien LANOTTE<\/strong><\/td><td class=\"has-text-align-center\" data-align=\"center\"><a href=\"mailto:president@labeilleardennaise.fr\"><mark style=\"background-color:rgba(0, 0, 0, 0)\" class=\"has-inline-color has-vivid-cyan-blue-color\">president@labeilleardennaise.fr<\/mark><\/a><\/td><\/tr><tr><td class=\"has-text-align-left\" data-align=\"left\">VICE-PRESIDENT<\/td><td class=\"has-text-align-center\" data-align=\"center\"><strong><meta charset=\"utf-8\">Didier PR\u00c9VOT<\/strong><\/td><td class=\"has-text-align-center\" data-align=\"center\"><a href=\"mailto:vice-president@labeilleardennaise.fr\"><mark style=\"background-color:rgba(0, 0, 0, 0)\" class=\"has-inline-color has-vivid-cyan-blue-color\">vice-president@labeilleardennaise.fr<\/mark><\/a><\/td><\/tr><tr><td class=\"has-text-align-left\" data-align=\"left\">TRESORIER<\/td><td class=\"has-text-align-center\" data-align=\"center\"><strong><mark style=\"background-color:rgba(0, 0, 0, 0)\" class=\"has-inline-color has-vivid-red-color\">NON POURVU<\/mark><\/strong><br>(<strong>S\u00e9bastien TRIONFINI<\/strong>)<\/td><td class=\"has-text-align-center\" data-align=\"center\"><a href=\"mailto:tresorier@labeilleardennaise.fr\"><mark style=\"background-color:rgba(0, 0, 0, 0)\" class=\"has-inline-color has-vivid-cyan-blue-color\">tresorier@labeilleardennaise.fr<\/mark><\/a><\/td><\/tr><tr><td class=\"has-text-align-left\" data-align=\"left\">VICE-TRESORIER<\/td><td class=\"has-text-align-center\" data-align=\"center\"><strong><meta charset=\"utf-8\"><mark style=\"background-color:rgba(0, 0, 0, 0)\" class=\"has-inline-color has-vivid-red-color\">NON POURVU<\/mark><\/strong><br>(<strong>Patrick HABAI<\/strong>)<\/td><td class=\"has-text-align-center\" data-align=\"center\"><meta charset=\"utf-8\"><a href=\"mailto:vice-tresorier@labeilleardennaise.fr\"><mark style=\"background-color:rgba(0, 0, 0, 0)\" class=\"has-inline-color has-vivid-cyan-blue-color\">vice-tresorier@labeilleardennaise.fr<\/mark><\/a><\/td><\/tr><tr><td class=\"has-text-align-left\" data-align=\"left\">SECRETAIRE<\/td><td class=\"has-text-align-center\" data-align=\"center\"><strong>Audrey LANOTTE<\/strong><\/td><td class=\"has-text-align-center\" data-align=\"center\"><a href=\"mailto:secretaire@labeilleardennaise.fr\"><mark style=\"background-color:rgba(0, 0, 0, 0)\" class=\"has-inline-color has-vivid-cyan-blue-color\">secretaire@labeilleardennaise.fr<\/mark><\/a><\/td><\/tr><tr><td class=\"has-text-align-left\" data-align=\"left\"><meta charset=\"utf-8\">VICE-SECRETAIRE<\/td><td class=\"has-text-align-center\" data-align=\"center\"><strong><strong><strong><strong>Patricia DE DECKER<\/strong><\/strong><\/strong><\/strong><\/td><td class=\"has-text-align-center\" data-align=\"center\"><meta charset=\"utf-8\"><a href=\"mailto:vice-secretaire@labeilleardennaise.fr\"><mark style=\"background-color:rgba(0, 0, 0, 0)\" class=\"has-inline-color has-vivid-cyan-blue-color\">vice-secretaire@labeilleardennaise.fr<\/mark><\/a><\/td><\/tr><tr><td class=\"has-text-align-left\" data-align=\"left\"><\/td><td class=\"has-text-align-center\" data-align=\"center\"><\/td><td class=\"has-text-align-center\" data-align=\"center\"><\/td><\/tr><tr><td class=\"has-text-align-left\" data-align=\"left\">Gestion demandes t\u00e9l\u00e9phoniques adh\u00e9rents<\/td><td class=\"has-text-align-center\" data-align=\"center\"><strong>Jean-Charles&nbsp;DELFORGE<\/strong><\/td><td class=\"has-text-align-center\" data-align=\"center\"><strong><em>T\u00e9l : 06 95 10 31 95<\/em><\/strong><br><a href=\"mailto:labeilleardennaise@gmail.com\"><mark style=\"background-color:rgba(0, 0, 0, 0)\" class=\"has-inline-color has-vivid-cyan-blue-color\">jeanch4@hotmail.com<\/mark><\/a><\/td><\/tr><tr><td class=\"has-text-align-left\" data-align=\"left\">Gestion communication<\/td><td class=\"has-text-align-center\" data-align=\"center\"><strong><strong><mark style=\"background-color:rgba(0, 0, 0, 0)\" class=\"has-inline-color has-black-color\">Corentin LANOTTE<\/mark><\/strong><\/strong><\/td><td class=\"has-text-align-center\" data-align=\"center\"><a href=\"mailto:secretaire@labeilleardennaise.fr\"><mark style=\"background-color:rgba(0, 0, 0, 0)\" class=\"has-inline-color has-vivid-cyan-blue-color\">secretaire@labeilleardennaise.fr<\/mark><\/a><\/td><\/tr><tr><td class=\"has-text-align-left\" data-align=\"left\">Gestion liens SNA<\/td><td class=\"has-text-align-center\" data-align=\"center\"><strong>G\u00e9rard OTHELET<\/strong><\/td><td class=\"has-text-align-center\" data-align=\"center\"><a href=\"mailto:gerard.othelet@worldonline.fr\">gerard.othelet@worldonline.fr<\/a><\/td><\/tr><tr><td class=\"has-text-align-left\" data-align=\"left\">Gestion adh\u00e9sions papier<\/td><td class=\"has-text-align-center\" data-align=\"center\"><meta charset=\"utf-8\"><strong><strong><strong>Patrick HABAI<\/strong><\/strong><\/strong><\/td><td class=\"has-text-align-center\" data-align=\"center\"><a href=\"mailto:rethel@labeilleardennaise.fr\"><mark style=\"background-color:rgba(0, 0, 0, 0)\" class=\"has-inline-color has-vivid-cyan-blue-color\"><\/mark><\/a><a href=\"mailto:vice-tresorier@labeilleardennaise.fr\"><mark style=\"background-color:rgba(0, 0, 0, 0)\" class=\"has-inline-color has-vivid-cyan-blue-color\">vice-tresorier@labeilleardennaise.fr<\/mark><\/a><\/td><\/tr><tr><td class=\"has-text-align-left\" data-align=\"left\">Gestion cire<\/td><td class=\"has-text-align-center\" data-align=\"center\"><strong>Patrick HABAI<\/strong><\/td><td class=\"has-text-align-center\" data-align=\"center\"><a href=\"mailto:vice-tresorier@labeilleardennaise.fr\"><mark style=\"background-color:rgba(0, 0, 0, 0)\" class=\"has-inline-color has-vivid-cyan-blue-color\">vice-tresorier@labeilleardennaise.fr<\/mark><\/a><\/td><\/tr><tr><td class=\"has-text-align-left\" data-align=\"left\">Gestion des commandes<\/td><td class=\"has-text-align-center\" data-align=\"center\"><strong><strong>R\u00e9gis HENRIET<\/strong><\/strong><\/td><td class=\"has-text-align-center\" data-align=\"center\"><a href=\"mailto:sedan@labeilleardennaise.fr\"><mark style=\"background-color:rgba(0, 0, 0, 0)\" class=\"has-inline-color has-vivid-cyan-blue-color\">regis.henriet.mve@orange.fr<\/mark><\/a><\/td><\/tr><tr><td class=\"has-text-align-left\" data-align=\"left\">Gestion des \u00e9v\u00e9nements<\/td><td class=\"has-text-align-center\" data-align=\"center\"><strong><strong>\u00c9tienne WARIN<\/strong><\/strong><\/td><td class=\"has-text-align-center\" data-align=\"center\"><a href=\"mailto:vouziers@labeilleardennaise.fr\"><mark style=\"background-color:rgba(0, 0, 0, 0)\" class=\"has-inline-color has-vivid-cyan-blue-color\">etienne.warin@gmail.com<\/mark><\/a><\/td><\/tr><\/tbody><\/table><\/figure>\n\n\n\n<p>V\u00e9rificateur aux comptes (hors CA) :<br><strong>Philippe COUAILLIER<\/strong><\/p>\n\n\n\n<p><\/p>\n","protected":false},"excerpt":{"rendered":"<p>Damien\u00a0LANOTTET\u00e9l\u00e9phone : 06 76 46 80 06Email : labeilleardennaise@gmail.com L&rsquo;ABEILLE ARDENNAISE1, IMPASSE DE COCHET08130 SEMUY Membres du CA Fonction Nom Contact PRESIDENT Damien LANOTTE president@labeilleardennaise.fr VICE-PRESIDENT Didier PR\u00c9VOT vice-president@labeilleardennaise.fr TRESORIER NON POURVU(S\u00e9bastien TRIONFINI) tresorier@labeilleardennaise.fr VICE-TRESORIER NON POURVU(Patrick HABAI) vice-tresorier@labeilleardennaise.fr SECRETAIRE Audrey LANOTTE secretaire@labeilleardennaise.fr VICE-SECRETAIRE Patricia DE DECKER vice-secretaire@labeilleardennaise.fr Gestion demandes t\u00e9l\u00e9phoniques adh\u00e9rents Jean-Charles&nbsp;DELFORGE T\u00e9l : [&hellip;]<\/p>\n","protected":false},"author":1,"featured_media":0,"parent":0,"menu_order":0,"comment_status":"closed","ping_status":"closed","template":"","meta":{"footnotes":""},"class_list":["post-33","page","type-page","status-publish","hentry"],"yoast_head":"<!-- This site is optimized with the Yoast SEO plugin v26.8 - https:\/\/yoast.com\/product\/yoast-seo-wordpress\/ -->\n<title>Contacts - L&#039;Abeille Ardennaise<\/title>\n<meta name=\"robots\" content=\"index, follow, max-snippet:-1, max-image-preview:large, max-video-preview:-1\" \/>\n<link rel=\"canonical\" href=\"https:\/\/labeilleardennaise.fr\/index.php\/contacts\/\" \/>\n<meta property=\"og:locale\" content=\"fr_FR\" \/>\n<meta property=\"og:type\" content=\"article\" \/>\n<meta property=\"og:title\" content=\"Contacts - L&#039;Abeille Ardennaise\" \/>\n<meta property=\"og:description\" content=\"Damien\u00a0LANOTTET\u00e9l\u00e9phone : 06 76 46 80 06Email : labeilleardennaise@gmail.com L&rsquo;ABEILLE ARDENNAISE1, IMPASSE DE COCHET08130 SEMUY Membres du CA Fonction Nom Contact PRESIDENT Damien LANOTTE president@labeilleardennaise.fr VICE-PRESIDENT Didier PR\u00c9VOT vice-president@labeilleardennaise.fr TRESORIER NON POURVU(S\u00e9bastien TRIONFINI) tresorier@labeilleardennaise.fr VICE-TRESORIER NON POURVU(Patrick HABAI) vice-tresorier@labeilleardennaise.fr SECRETAIRE Audrey LANOTTE secretaire@labeilleardennaise.fr VICE-SECRETAIRE Patricia DE DECKER vice-secretaire@labeilleardennaise.fr Gestion demandes t\u00e9l\u00e9phoniques adh\u00e9rents Jean-Charles&nbsp;DELFORGE T\u00e9l : [&hellip;]\" \/>\n<meta property=\"og:url\" content=\"https:\/\/labeilleardennaise.fr\/index.php\/contacts\/\" \/>\n<meta property=\"og:site_name\" content=\"L&#039;Abeille Ardennaise\" \/>\n<meta property=\"article:modified_time\" content=\"2025-05-24T08:47:41+00:00\" \/>\n<meta name=\"twitter:card\" content=\"summary_large_image\" \/>\n<meta name=\"twitter:label1\" content=\"Dur\u00e9e de lecture estim\u00e9e\" \/>\n\t<meta name=\"twitter:data1\" content=\"1 minute\" \/>\n<script type=\"application\/ld+json\" class=\"yoast-schema-graph\">{\"@context\":\"https:\/\/schema.org\",\"@graph\":[{\"@type\":\"WebPage\",\"@id\":\"https:\/\/labeilleardennaise.fr\/index.php\/contacts\/\",\"url\":\"https:\/\/labeilleardennaise.fr\/index.php\/contacts\/\",\"name\":\"Contacts - L&#039;Abeille Ardennaise\",\"isPartOf\":{\"@id\":\"https:\/\/labeilleardennaise.fr\/#website\"},\"datePublished\":\"2021-09-25T08:28:10+00:00\",\"dateModified\":\"2025-05-24T08:47:41+00:00\",\"breadcrumb\":{\"@id\":\"https:\/\/labeilleardennaise.fr\/index.php\/contacts\/#breadcrumb\"},\"inLanguage\":\"fr-FR\",\"potentialAction\":[{\"@type\":\"ReadAction\",\"target\":[\"https:\/\/labeilleardennaise.fr\/index.php\/contacts\/\"]}]},{\"@type\":\"BreadcrumbList\",\"@id\":\"https:\/\/labeilleardennaise.fr\/index.php\/contacts\/#breadcrumb\",\"itemListElement\":[{\"@type\":\"ListItem\",\"position\":1,\"name\":\"Accueil\",\"item\":\"https:\/\/labeilleardennaise.fr\/\"},{\"@type\":\"ListItem\",\"position\":2,\"name\":\"Contacts\"}]},{\"@type\":\"WebSite\",\"@id\":\"https:\/\/labeilleardennaise.fr\/#website\",\"url\":\"https:\/\/labeilleardennaise.fr\/\",\"name\":\"L'Abeille Ardennaise\",\"description\":\"Syndicat d\u00e9partemental d&#039;apiculture des Ardennes\",\"publisher\":{\"@id\":\"https:\/\/labeilleardennaise.fr\/#organization\"},\"potentialAction\":[{\"@type\":\"SearchAction\",\"target\":{\"@type\":\"EntryPoint\",\"urlTemplate\":\"https:\/\/labeilleardennaise.fr\/?s={search_term_string}\"},\"query-input\":{\"@type\":\"PropertyValueSpecification\",\"valueRequired\":true,\"valueName\":\"search_term_string\"}}],\"inLanguage\":\"fr-FR\"},{\"@type\":\"Organization\",\"@id\":\"https:\/\/labeilleardennaise.fr\/#organization\",\"name\":\"L'Abeille Ardennaise\",\"url\":\"https:\/\/labeilleardennaise.fr\/\",\"logo\":{\"@type\":\"ImageObject\",\"inLanguage\":\"fr-FR\",\"@id\":\"https:\/\/labeilleardennaise.fr\/#\/schema\/logo\/image\/\",\"url\":\"https:\/\/labeilleardennaise.fr\/wp-content\/uploads\/2021\/09\/aa2.png\",\"contentUrl\":\"https:\/\/labeilleardennaise.fr\/wp-content\/uploads\/2021\/09\/aa2.png\",\"width\":200,\"height\":200,\"caption\":\"L'Abeille Ardennaise\"},\"image\":{\"@id\":\"https:\/\/labeilleardennaise.fr\/#\/schema\/logo\/image\/\"}}]}<\/script>\n<!-- \/ Yoast SEO plugin. -->","yoast_head_json":{"title":"Contacts - L&#039;Abeille Ardennaise","robots":{"index":"index","follow":"follow","max-snippet":"max-snippet:-1","max-image-preview":"max-image-preview:large","max-video-preview":"max-video-preview:-1"},"canonical":"https:\/\/labeilleardennaise.fr\/index.php\/contacts\/","og_locale":"fr_FR","og_type":"article","og_title":"Contacts - L&#039;Abeille Ardennaise","og_description":"Damien\u00a0LANOTTET\u00e9l\u00e9phone : 06 76 46 80 06Email : labeilleardennaise@gmail.com L&rsquo;ABEILLE ARDENNAISE1, IMPASSE DE COCHET08130 SEMUY Membres du CA Fonction Nom Contact PRESIDENT Damien LANOTTE president@labeilleardennaise.fr VICE-PRESIDENT Didier PR\u00c9VOT vice-president@labeilleardennaise.fr TRESORIER NON POURVU(S\u00e9bastien TRIONFINI) tresorier@labeilleardennaise.fr VICE-TRESORIER NON POURVU(Patrick HABAI) vice-tresorier@labeilleardennaise.fr SECRETAIRE Audrey LANOTTE secretaire@labeilleardennaise.fr VICE-SECRETAIRE Patricia DE DECKER vice-secretaire@labeilleardennaise.fr Gestion demandes t\u00e9l\u00e9phoniques adh\u00e9rents Jean-Charles&nbsp;DELFORGE T\u00e9l : [&hellip;]","og_url":"https:\/\/labeilleardennaise.fr\/index.php\/contacts\/","og_site_name":"L&#039;Abeille Ardennaise","article_modified_time":"2025-05-24T08:47:41+00:00","twitter_card":"summary_large_image","twitter_misc":{"Dur\u00e9e de lecture estim\u00e9e":"1 minute"},"schema":{"@context":"https:\/\/schema.org","@graph":[{"@type":"WebPage","@id":"https:\/\/labeilleardennaise.fr\/index.php\/contacts\/","url":"https:\/\/labeilleardennaise.fr\/index.php\/contacts\/","name":"Contacts - L&#039;Abeille Ardennaise","isPartOf":{"@id":"https:\/\/labeilleardennaise.fr\/#website"},"datePublished":"2021-09-25T08:28:10+00:00","dateModified":"2025-05-24T08:47:41+00:00","breadcrumb":{"@id":"https:\/\/labeilleardennaise.fr\/index.php\/contacts\/#breadcrumb"},"inLanguage":"fr-FR","potentialAction":[{"@type":"ReadAction","target":["https:\/\/labeilleardennaise.fr\/index.php\/contacts\/"]}]},{"@type":"BreadcrumbList","@id":"https:\/\/labeilleardennaise.fr\/index.php\/contacts\/#breadcrumb","itemListElement":[{"@type":"ListItem","position":1,"name":"Accueil","item":"https:\/\/labeilleardennaise.fr\/"},{"@type":"ListItem","position":2,"name":"Contacts"}]},{"@type":"WebSite","@id":"https:\/\/labeilleardennaise.fr\/#website","url":"https:\/\/labeilleardennaise.fr\/","name":"L'Abeille Ardennaise","description":"Syndicat d\u00e9partemental d&#039;apiculture des Ardennes","publisher":{"@id":"https:\/\/labeilleardennaise.fr\/#organization"},"potentialAction":[{"@type":"SearchAction","target":{"@type":"EntryPoint","urlTemplate":"https:\/\/labeilleardennaise.fr\/?s={search_term_string}"},"query-input":{"@type":"PropertyValueSpecification","valueRequired":true,"valueName":"search_term_string"}}],"inLanguage":"fr-FR"},{"@type":"Organization","@id":"https:\/\/labeilleardennaise.fr\/#organization","name":"L'Abeille Ardennaise","url":"https:\/\/labeilleardennaise.fr\/","logo":{"@type":"ImageObject","inLanguage":"fr-FR","@id":"https:\/\/labeilleardennaise.fr\/#\/schema\/logo\/image\/","url":"https:\/\/labeilleardennaise.fr\/wp-content\/uploads\/2021\/09\/aa2.png","contentUrl":"https:\/\/labeilleardennaise.fr\/wp-content\/uploads\/2021\/09\/aa2.png","width":200,"height":200,"caption":"L'Abeille Ardennaise"},"image":{"@id":"https:\/\/labeilleardennaise.fr\/#\/schema\/logo\/image\/"}}]}},"_links":{"self":[{"href":"https:\/\/labeilleardennaise.fr\/index.php\/wp-json\/wp\/v2\/pages\/33","targetHints":{"allow":["GET"]}}],"collection":[{"href":"https:\/\/labeilleardennaise.fr\/index.php\/wp-json\/wp\/v2\/pages"}],"about":[{"href":"https:\/\/labeilleardennaise.fr\/index.php\/wp-json\/wp\/v2\/types\/page"}],"author":[{"embeddable":true,"href":"https:\/\/labeilleardennaise.fr\/index.php\/wp-json\/wp\/v2\/users\/1"}],"replies":[{"embeddable":true,"href":"https:\/\/labeilleardennaise.fr\/index.php\/wp-json\/wp\/v2\/comments?post=33"}],"version-history":[{"count":41,"href":"https:\/\/labeilleardennaise.fr\/index.php\/wp-json\/wp\/v2\/pages\/33\/revisions"}],"predecessor-version":[{"id":909,"href":"https:\/\/labeilleardennaise.fr\/index.php\/wp-json\/wp\/v2\/pages\/33\/revisions\/909"}],"wp:attachment":[{"href":"https:\/\/labeilleardennaise.fr\/index.php\/wp-json\/wp\/v2\/media?parent=33"}],"curies":[{"name":"wp","href":"https:\/\/api.w.org\/{rel}","templated":true}]}}